56, -d - 27 = 5*b + 156. Is n(b) composite?
False
Let o = -35016 + 64139. Is o composite?
False
Suppose 4*f - 12 = 0, 6*f - 11*f + 31 = 4*w. Is (16/14)/w - (-48840)/21 a composite number?
True
Suppose 67*u - 62*u - 2*v = 309351, 185615 = 3*u + v. Is u composite?
False
Let i(u) = 60534*u - 5191. Is i(6) prime?
False
Suppose 0 = -7*p - 15 - 20. Let n(z) = 28*z**2 + 4*z - 9. Is n(p) composite?
True
Suppose 5*w - 2063 = 1062. Let i = w + -468. Is i composite?
False
Suppose -4633 = -3*j - l + 3*l, -3*l - 1549 = -j. Is j prime?
True
Is ((-15737704)/(-16))/(-23)*-2 a composite number?
False
Is (-201823)/(-3) + 240/36 + (-7 - 0) composite?
True
Suppose 3*a = 5*t + 2*a - 18405, -3*t - a = -11043. Suppose 5*b = -g + 45, -2*g - 6 = -16*b + 14*b. Suppose -b*d = d - t. Is d a composite number?
False
Is -714971*((-30)/(-40))/(6/(-8)) a prime number?
True
Suppose 2*h = 3*i - 7864, 0*h + 5*i + 7832 = -2*h. Let v = h - -7519. Is v prime?
True
Let g(r) = 4 + 4 + 4*r - 15*r**2 - 2. Let f be g(3). Is -7*(f - ((-6)/(-2) - 7)) a prime number?
False
Suppose -197576 = -13*w + 800213. Is w a prime number?
True
Let k = -2908 + 8531. Is k prime?
True
Suppose 0 = 27*b - 24*b - 12. Suppose -2*d = -3*y - 4, -b*d + 6 + 2 = -2*y. Suppose -4*m + 4*l + 1586 = -14, -d*m + 803 = -3*l. Is m composite?
False
Let a = -5078 - 1351. Let x = a + 12010. Is x a prime number?
True
Let p(w) = 319*w**2 - 189*w - 1621. Is p(-9) prime?
True
Let i(v) = -v**2 - 6*v + 29. Let h be i(3). Suppose -8*q - 5*q = -h*q. Suppose 0 = -r + 1, -5*u + r + 2356 + 218 = q. Is u a prime number?
False
Suppose 0 = -12*h + 48 + 24. Let q(b) be the first derivative of 7*b**2/2 + 13*b + 6. Is q(h) composite?
True
Is 1/(-1) - -87818 - (1 + -7) - -3 prime?
False
Let z(h) = -177*h**3 - 8*h**2 - 80*h + 19. Is z(-7) a prime number?
False
Let a(k) = -125*k + 26. Suppose 5*x + 6*l = 4*l + 57, -3*l - 12 = 0. Let y(v) = v**2 - 14*v + 4. Let w be y(x). Is a(w) prime?
True
Let s = 2234 - 1043. Let o = s + 2534. Suppose 0 = 6*w - 11*w + o. Is w composite?
True
Suppose 3*b - 2219 = 340. Suppose -v = -1, 5*r + 2*v - b = -v. Let w = r - 83. Is w a composite number?
True
Suppose 4*p = 22 + 34. Suppose 24 = -5*l - 4*w + 1, 0 = -2*l - 4*w - p. Is (-1*1 - l)/((-12)/(-9138)) a prime number?
True
Let d = 37721 - 21820. Is d composite?
False
Suppose 178*i = 174*i - 5*z + 3479784, 0 = -3*i - 5*z + 2609833. Is i composite?
False
Let n be 2/5 + (-13)/(-5). Suppose 4*s = -0*d + 2*d - 306, -n*d = -2*s - 471. Suppose d = 6*g - 1419. Is g composite?
False
Suppose -5*s + 3*a = 34 - 19, 10 = 2*a. Suppose s = -h - 4, -3*h - 2560 = -t + 657. Is t a composite number?
True
Let y be (18868 + 3)*(-3 - -5) + 2. Suppose -22*z + 6*z + y = 0. Is z prime?
False
Let m(y) = -161 - 20*y - 108 + 7*y**2 + 6*y + 236. Is m(-20) a composite number?
True
Let m = -2822 - -5014. Suppose -3*t = m - 5699. Let a = -192 + t. Is a composite?
False
Suppose -4*z = -n - n, -5*z = 3*n. Suppose z = -3*a + k - 6*k + 36599, a + 4*k - 12195 = 0. Let t = a + -8400. Is t a composite number?
False
Let p(d) = -2*d**3 - 3*d**2 - 11*d + 7. Let g(t) = 3*t**3 + 7*t**2 + 21*t - 15. Let w(h) = 3*g(h) + 5*p(h). Let k be w(7). Is ((-2)/((-18)/237))/((-1)/k) prime?
True
Suppose -128*f + 3375240 = 5*j - 129*f, -2*j = 5*f - 1350123. Is j a composite number?
True
Let l = -239 + 266. Suppose l*t - 37277 = 89218. Is t a prime number?
False
Suppose 2*n + 5807 = 3*j + 491, 0 = 3*j + 3*n - 5331. Suppose 6145 + j = h. Is h composite?
False
Suppose 4*y + 7549 = 3*t - 8746, -3*y + 3*t - 12225 = 0. Let o = 4937 - y. Is o composite?
False
Suppose -51 - 69 = -24*s. Is (-2521)/2*2*(s - 6) composite?
False
Let k(n) = -1496*n - 666. Is k(-8) a composite number?
True
Let k be 4/(-14) + 798/49. Suppose j - 9*j - k = 0. Is (1/(-1) + (-55)/2)*j prime?
False
Suppose 2 - 2 = -2*s. Suppose -4*o + 2*o = s. Suppose 4*c + 5*u = 821, o = -5*c - 4*u + 458 + 557. Is c a prime number?
True
Is -24 + 35 + 7*4494 prime?
True
Let x be (1 - (2 - (-15)/(-9)))*6. Suppose 9190 = 3*z + 6*a - a, -z + 3069 = -x*a. Is z prime?
False
Is (-13)/((-312)/18)*1144596/9 a prime number?
True
Suppose 55*h = -25*h - 121003 + 472283. Is h prime?
True
Let l(t) = -4*t**2 + 6 + 6*t**2 - 5*t - 4*t. Suppose 40*x = -4 - 596. Is l(x) prime?
False
Suppose -61*g - 3607407 = -70*g. Is g a composite number?
False
Let w(h) be the third derivative of -h**6/10 - h**5/60 - h**4/12 - h**3/6 - 10*h**2. Let i be w(-1). Is i/(-18) + (-850)/(-6) a prime number?
False
Suppose v - 3*m - 380 = 0, -5*v + 17*m - 22*m = -1840. Suppose 43*k - 42*k - v = 0. Is k a prime number?
False
Suppose 3*y = -24*y - 307341. Let t = 22850 + y. Is t a prime number?
True
Let x(l) = 6*l**2 - 12*l - 11. Suppose 6*s = 5*s + 3. Let n be -9*((s + -2)/1)/1. Is x(n) a prime number?
False
Suppose -11*v + 4*b = -99291, 2*v + 9*b - 12*b - 18037 = 0. Is v a prime number?
True
Suppose 5*j + 4*n = 2157819, 2*j = 5*n + 478285 + 384869. Is j a composite number?
False
Let z = -292586 + 765831. Is z a prime number?
False
Is (-27)/972*9 - (-894613)/4 prime?
False
Let y be 286/176 + 3/8. Let w be 84*17 - (-3 + 5). Suppose -y*p + 1426 = -5*k, p + p + k = w. Is p a composite number?
True
Let v(x) = -x**3 + 4*x**2 - 4*x + 3. Let o be v(2). Suppose 4*r = -3*s - 19, o*s - 7*s + 3*r = -8. Let h(i) = -88*i**3 + i**2 - i - 1. Is h(s) composite?
False
Let j(y) = -442*y - 35. Let l be 11618/(-962) - 1/(-13). Is j(l) composite?
True
Suppose 0 = -5*n - l + 233641, -n = -0*l - 2*l - 46715. Is n composite?
False
Is 4/(-54)*-3 - 888776766/(-8748)*18 a prime number?
True
Let t be (-1 - 0)/(1/(-2)) + 1. Let j(m) = -49*m**2 - 5*m + 17. Let r be j(t). Let u = -236 - r. Is u a composite number?
True
Let z(g) = -4*g - 37. Let c be z(17). Let o = c - -89. Is (-7755)/(-4) + (2 - (-28)/o) composite?
True
Let a = 157063 + -58014. Is a prime?
False
Let y = 48 - 51. Let z be 3 - (0 + y)/((-3)/(-2)). Is z/15 + (-1226)/(-3) prime?
True
Let h be 7/(-21)*(-9 + 0). Suppose -4*z = 5*p - 1748 - 1961, h*z + 757 = p. Is p a composite number?
True
Suppose -h = -5*h + 4*k - 408, -k - 423 = 4*h. Is (7 + h/14)/((-2)/24028) a prime number?
True
Let v = 8749 + -3168. Let n = v + -960. Is n prime?
True
Suppose 2*j - 5*l + 12 = 0, 0 = 30*j - 29*j + 2*l + 24. Let y(n) = -13 - 6*n - n**2 - 11*n - 11*n. Is y(j) a composite number?
False
Let t be -5 + 56952/(-4) - -1. Is (t/(-3))/(-8 + 26/3) a prime number?
True
Let h(p) = -2*p**2 - 16 + 8*p**3 + 6*p**3 + 5*p**2 - 3*p + 21. Let b be h(5). Let l = b + -716. Is l composite?
True
Let y be (1 + 2 + -1)*(-9)/(-18). Suppose -s = 3*j - 7, 5*s + 2*j + y + 3 = 0. Is ((-13)/s)/((-1746)/(-348) - 5) prime?
False
Suppose -3025 - 31 = 8*a. Let x = a - -2969. Let q = -1700 + x. Is q a prime number?
True
Is 6 + 533445 + 7 + -9 a composite number?
True
Suppose 8*x - 2*n - 577259 = 5*x, 384839 = 2*x - n. Is x composite?
True
Let g be -4*3/(-12)*3. Let y(n) = 0*n**3 + g + 2*n - 12*n**3 + 7*n**3. Is y(-2) prime?
False
Let z = -17 + 147. Is (-5)/2*(-79144)/z prime?
False
Let i(s) = 58*s**2 - 8*s - 18. Let x be i(-3). Let w(p) = -x*p + 63*p - 280*p + 3 - 1089*p. Is w(-1) composite?
True
Let f(j) = -24*j + 53*j - 10 - 33*j. Let q be f(-4). Let u = 155 - q. Is u a prime number?
True
Suppose 0 = i + c - 9023, -5*i - 41*c = -39*c - 45103. Is i a prime number?
False
Suppose -2*h - 3*t = -39677, -100*h + t + 79319 = -96*h. Is h composite?
True
Suppose -r = -3*r + 5*f + 29, r = 2*f + 12. Suppose 0 = -0*s - r*s + 638. Is s prime?
False
Suppose 456 = 174*v - 168*v. Is 145076/v - (-14)/133 prime?
False
Let t be (-112)/280 + 13284/10 + -1. Let q = t - 456. Is q a composite number?
True
Suppose -1723 = 2*j + 1125. Let z be 6/(-2) - j/(-4). Let g = z - -924. Is g composite?
True
Let a = 275 + -159. Let s = 368 + a. Let g = 1041 - s. Is g a prime number?
True
Let q be 1/(-1) - (29 - 5)/(-6). Suppose -4*d + 18795 = -9*s + 10*s, -q*d + 14092 = 5*s. Is d composite?
True
Suppose 3*l + 26*l + 492623 = 0. Let w = l + 34390. Is w composite?
True
Suppose 0 = -6*d - 5*q + 841666, 2*d - 400844 = 4*q - 120266. Is d a composite number?
False
Let w = -69 - -77. Let l be (2 - 0)/(4/w). Suppose -4858 = l*o - 6*o. Is o a composite number?
True
Let n be (146 + 1)*(4 + 1 + -6). Let d = 767 - n. Is d composite?
True
Let t(w) = 3*w**2 - 15*w - 11. Let